rs of 2031054784.
2, 11, 2885021
What are the prime factors of 183180641?
7, 1163, 22501
List the prime factors of 603447922.
2, 7, 11, 31, 41, 3083
What are the prime factors of 629001383?
18401, 34183
List the prime factors of 3007129779.
3, 17, 23, 94949
What are the prime factors of 1463526458?
2, 6481, 112909
List the prime factors of 207054176.
2, 7, 47, 71, 277
What are the prime factors of 900912801?
3, 3677, 81671
What are the prime factors of 357658193?
357658193
List the prime factors of 976377783.
3, 325459261
List the prime factors of 8820133176.
2, 3, 47, 97, 80611
What are the prime factors of 971345704?
2, 7, 17345459
List the prime factors of 766797048.
2, 3, 10649959
What are the prime factors of 953617533?
3, 11, 17, 1699853
List the prime factors of 116925834.
2, 3, 19487639
List the prime factors of 267779984.
2, 23, 31, 23473
What are the prime factors of 51767660?
2, 5, 7, 197, 1877
List the prime factors of 1079303491.
7, 154186213
List the prime factors of 790547371.
6607, 119653
List the prime factors of 186696011.
186696011
What are the prime factors of 19847657?
31, 640247
What are the prime factors of 19629944?
2, 31, 79153
What are the prime factors of 43337734?
2, 11, 127, 15511
List the prime factors of 26021637.
3, 2891293
What are the prime factors of 388610093?
23, 163, 103657
What are the prime factors of 10633955?
5, 2126791
What are the prime factors of 51471289?
51471289
What are the prime factors of 28379273?
13, 17, 128413
What are the prime factors of 1924916212?
2, 79, 277, 21991
List the prime factors of 191514993.
3, 31, 1103, 1867
What are the prime factors of 158666477?
401, 395677
What are the prime factors of 108936692?
2, 1103, 24691
List the prime factors of 636896154.
2, 3, 47, 1049, 2153
What are the prime factors of 63498044?
2, 31, 67, 7643
List the prime factors of 30364344.
2, 3, 421727
List the prime factors of 6671249023.
6671249023
List the prime factors of 1288407894.
2, 3, 214734649
List the prime factors of 24817852.
2, 29, 213947
List the prime factors of 1031648298.
2, 3, 17, 10114199
What are the prime factors of 2194192385?
5, 7, 11, 1103, 5167
List the prime factors of 736089429.
3, 1171, 209533
What are the prime factors of 129916979?
129916979
What are the prime factors of 1144283626?
2, 19, 23, 1309249
What are the prime factors of 137031478?
2, 68515739
What are the prime factors of 191181582?
2, 3, 137, 77527
List the prime factors of 38843329.
7, 53, 14957
What are the prime factors of 437250689?
53, 8250013
List the prime factors of 5428110.
2, 3, 5, 19, 89, 107
What are the prime factors of 1840448380?
2, 5, 5657, 16267
What are the prime factors of 7766728422?
2, 3, 79, 16385503
What are the prime factors of 10087538?
2, 71, 71039
List the prime factors of 268906236.
2, 3, 151, 148403
List the prime factors of 8588668343.
73, 117652991
List the prime factors of 2859731797.
13, 3779, 58211
What are the prime factors of 157996311?
3, 11, 4787767
What are the prime factors of 5748094496?
2, 23, 7809911
What are the prime factors of 2436471845?
5, 487294369
List the prime factors of 1388954951.
37, 47, 83, 9623
List the prime factors of 470884629.
3, 29, 5412467
List the prime factors of 1340525953.
13, 103117381
List the prime factors of 1113204743.
7, 59, 2695411
List the prime factors of 159911394.
2, 3, 29, 919031
What are the prime factors of 313468954?
2, 19, 8249183
What are the prime factors of 3067510540?
2, 5, 97, 1581191
What are the prime factors of 75354379?
1291, 58369
List the prime factors of 1028052919.
23, 823, 54311
What are the prime factors of 58574822?
2, 29287411
What are the prime factors of 2639065581?
3, 7823, 37483
What are the prime factors of 581960277?
3, 3719, 17387
List the prime factors of 54119136.
2, 3, 353, 1597
List the prime factors of 255177369.
3, 28353041
List the prime factors of 1788485069.
7, 67, 3813401
What are the prime factors of 124655967?
3, 59, 181, 1297
What are the prime factors of 70772228?
2, 17693057
What are the prime factors of 6716398?
2, 13, 31, 641
What are the prime factors of 65913093?
3, 239, 30643
List the prime factors of 7686429.
3, 2562143
What are the prime factors of 675660063?
3, 13, 17324617
What are the prime factors of 391514273?
391514273
What are the prime factors of 35261600?
2, 5, 11, 4007
What are the prime factors of 5012327282?
2, 22093, 113437
List the prime factors of 719042357.
11, 6079, 10753
What are the prime factors of 244139940?
2, 3, 5, 11, 23, 1787
List the prime factors of 428766129.
3, 11, 17, 28307
What are the prime factors of 3346542953?
13, 59, 4363159
List the prime factors of 4268939705.
5, 313, 617, 4421
List the prime factors of 76150943.
11, 6922813
What are the prime factors of 41900225?
5, 19, 88211
List the prime factors of 177702874.
2, 2089, 42533
What are the prime factors of 3037493338?
2, 11, 138067879
List the prime factors of 14989790.
2, 5, 23, 65173
What are the prime factors of 601680208?
2, 37605013
What are the prime factors of 90133642?
2, 23, 1959427
List the prime factors of 25881324.
2, 3, 7, 61, 5051
What are the prime factors of 4910222?
2, 29, 84659
List the prime factors of 127072380.
2, 3, 5, 19, 111467
List the prime factors of 345936710.
2, 5, 7, 587, 8419
List the prime factors of 208586137.
1129, 184753
List the prime factors of 17636262.
2, 3, 7, 23, 18257
List the prime factors of 1468645380.
2, 3, 5, 409, 19949
What are the prime factors of 175643846?
2, 7, 12545989
What are the prime factors of 839525733?
3, 93280637
What are the prime factors of 39054077?
39054077
What are the prime factors of 1120379777?
11, 569, 16273
List the prime factors of 229006096.
2, 11, 1301171
What are the prime factors of 10487417?
113, 92809
List the prime factors of 14841373.
89, 103, 1619
List the prime factors of 378528954.
2, 3, 131, 481589
List the prime factors of 288807372.
2, 3, 7, 19, 1231
What are the prime factors of 402586103?
599, 672097
What are the prime factors of 188336149?
17, 149, 74353
List the prime factors of 2061427532.
2, 23, 29, 772649
What are the prime factors of 3636775050?
2, 3, 5, 113, 214559
List the prime factors of 3667193886.
2, 3, 163, 3749687
What are the prime factors of 4267228231?
7, 773, 788621
List the prime factors of 602475298.
2, 301237649
List the prime factors of 725273068.
2, 13, 137, 101807
What are the prime factors of 8699155?
5, 17, 53, 1931
List the prime factors of 943096985.
5, 188619397
What are the prime factors of 46597614?
2, 3, 7, 19, 58393
What are the prime factors of 599347411?
13, 193, 238879
What are the prime factors of 27891776?
2, 11, 39619
List the prime factors of 1915746830.
2, 5, 17, 11269099
What are the prime factors of 1322717055?
3, 5, 11, 8016467
What are the prime factors of 140865922?
2, 31, 59, 97, 397
List the prime factors of 182356405.
5, 7, 11, 311, 1523
List the prime factors of 198410796.
2, 3, 61, 10039
List the prime factors of 185607165.
3, 5, 1301, 9511
List the prime factors of 54678914.
2, 27339457
What are the prime factors of 1168599315?
3, 5, 13, 769, 7793
List the prime factors of 76738663.
17, 19, 237581
What are the prime factors of 761702986?
2, 11, 17, 185149
What are the prime factors of 139939992?
2, 3, 83, 23417
What are the prime factors of 305922419?
11, 2801, 9929
What are the prime factors of 430082185?
5, 13, 508973
What are the prime factors of 143259110?
2, 5, 61, 234851
What are the prime factors of 3942903151?
11, 358445741
List the prime factors of 2890543962.
2, 3, 17467, 27581
List the prime factors of 48578833.
48578833
List the prime factors of 973959427.
7, 17, 47, 24877
What are the prime factors of 82757093?
82757093
List the prime factors of 2489124613.
2489124613
List the prime factors of 304756573.
11, 271, 102233
What are the prime factors of 1122384555?
3, 5, 24941879
What are the prime factors of 46675968?
2, 3, 71, 107
List the prime factors of 44640680.
2, 5, 7, 159431
What are the prime factors of 706454407?
23, 30715409
What are the prime factors of 1468202626?
2, 11, 1483, 4091
What are the prime factors of 27256750?
2, 5, 31, 3517
List the prime factors of 24337349.
24337349
List the prime factors of 723162562.
2, 43, 8408867
